{"id":2,"date":"2013-10-12T06:52:39","date_gmt":"2013-10-12T06:52:39","guid":{"rendered":"http:\/\/localhost\/menden\/?page_id=2"},"modified":"2026-04-28T20:56:21","modified_gmt":"2026-04-28T18:56:21","slug":"beispiel-seite","status":"publish","type":"page","link":"https:\/\/blumenmenden.de\/","title":{"rendered":"Startseite"},"content":{"rendered":"\n<hr class=\"wp-block-separator has-css-opacity\"\/>\n\n\n\n<h3 class=\"wp-block-heading\" id=\"aktuelle-informationen-fur-unsere-kundschaft\"><strong>Aktuelle Informationen f\u00fcr unsere Kundschaft<\/strong><\/h3>\n\n\n\n<hr class=\"wp-block-separator has-alpha-channel-opacity\"\/>\n\n\n\n<h2 class=\"wp-block-heading\">Informationen zu Muttertag<\/h2>\n\n\n\n<figure class=\"wp-block-image size-large\"><a href=\"https:\/\/blumenmenden.de\/wp-content\/uploads\/2026\/04\/Muttertag_2026.jpg\"><img loading=\"lazy\" decoding=\"async\" width=\"768\" height=\"1024\" src=\"https:\/\/blumenmenden.de\/wp-content\/uploads\/2026\/04\/Muttertag_2026-768x1024.jpg\" alt=\"\" class=\"wp-image-547\" srcset=\"https:\/\/blumenmenden.de\/wp-content\/uploads\/2026\/04\/Muttertag_2026-768x1024.jpg 768w, https:\/\/blumenmenden.de\/wp-content\/uploads\/2026\/04\/Muttertag_2026-225x300.jpg 225w, https:\/\/blumenmenden.de\/wp-content\/uploads\/2026\/04\/Muttertag_2026-1152x1536.jpg 1152w, https:\/\/blumenmenden.de\/wp-content\/uploads\/2026\/04\/Muttertag_2026.jpg 1536w\" sizes=\"auto, (max-width: 768px) 100vw, 768px\" \/><\/a><\/figure>\n\n\n\n<hr class=\"wp-block-separator has-css-opacity\"\/>\n\n\n\n<h2 class=\"wp-block-heading\">Wir sind jetzt auch auf Instagram<\/h2>\n\n\n\n<p>Jetzt auch auf Instagram: <strong>blumenmenden<\/strong><br>Frische Str\u00e4u\u00dfe, Liebe zum Detail &amp; kreative Inspirationen.<br>Folge uns &amp; entdecke die Welt der Blumen: Wir freuen uns auf Dich!<\/p>\n\n\n\n<p>#Floristik<\/p>\n\n\n\n<hr class=\"wp-block-separator has-alpha-channel-opacity\"\/>\n\n\n\n<h2 class=\"wp-block-heading\">Wichtige Information zu Fleurop ab <mark style=\"background-color:rgba(0, 0, 0, 0)\" class=\"has-inline-color has-vivid-red-color\">01.01.2026<\/mark><\/h2>\n\n\n\n<p>Ab dem <strong><mark style=\"background-color:rgba(0, 0, 0, 0)\" class=\"has-inline-color has-vivid-red-color\">01.01.2026<\/mark><\/strong> sind wir kein Fleurop-Partner mehr.<br>Selbstverst\u00e4ndlich nehmen wir weiterhin gerne Blumenbestellungen entgegen. Diese werden jedoch nicht mehr \u00fcber das Fleurop-Netzwerk abgewickelt. Sie k\u00f6nnen Ihre Bestellungen weiterhin direkt bei uns aufgeben, und wir k\u00fcmmern uns um die Auslieferung.<\/p>\n\n\n\n<p>F\u00fcr Fragen oder Bestellungen stehen wir Ihnen selbstverst\u00e4ndlich jederzeit zur Verf\u00fcgung.<\/p>\n\n\n\n<p><\/p>\n\n\n\n<hr class=\"wp-block-separator has-alpha-channel-opacity\"\/>\n\n\n\n<p>Seite wurde zuletzt aktualsiert am: 28.04.2026<\/p>\n\n\n\n<p><\/p>\n\n\n\n<p><\/p>\n\n\n\n<p><\/p>\n","protected":false},"excerpt":{"rendered":"<p>Aktuelle Informationen f\u00fcr unsere Kundschaft Informationen zu Muttertag Wir sind jetzt auch auf Instagram Jetzt auch auf Instagram: blumenmendenFrische Str\u00e4u\u00dfe, Liebe zum Detail &amp; kreative Inspirationen.Folge uns &amp; entdecke die Welt der Blumen: Wir freuen uns auf Dich! #Floristik Wichtige Information zu Fleurop ab 01.01.2026 Ab dem 01.01.2026 sind wir kein Fleurop-Partner mehr.Selbstverst\u00e4ndlich nehmen wir [&hellip;]<\/p>\n","protected":false},"author":1,"featured_media":0,"parent":0,"menu_order":0,"comment_status":"closed","ping_status":"open","template":"","meta":{"footnotes":""},"class_list":["post-2","page","type-page","status-publish","hentry","post"],"_links":{"self":[{"href":"https:\/\/blumenmenden.de\/index.php?rest_route=\/wp\/v2\/pages\/2","targetHints":{"allow":["GET"]}}],"collection":[{"href":"https:\/\/blumenmenden.de\/index.php?rest_route=\/wp\/v2\/pages"}],"about":[{"href":"https:\/\/blumenmenden.de\/index.php?rest_route=\/wp\/v2\/types\/page"}],"author":[{"embeddable":true,"href":"https:\/\/blumenmenden.de\/index.php?rest_route=\/wp\/v2\/users\/1"}],"replies":[{"embeddable":true,"href":"https:\/\/blumenmenden.de\/index.php?rest_route=%2Fwp%2Fv2%2Fcomments&post=2"}],"version-history":[{"count":201,"href":"https:\/\/blumenmenden.de\/index.php?rest_route=\/wp\/v2\/pages\/2\/revisions"}],"predecessor-version":[{"id":549,"href":"https:\/\/blumenmenden.de\/index.php?rest_route=\/wp\/v2\/pages\/2\/revisions\/549"}],"wp:attachment":[{"href":"https:\/\/blumenmenden.de\/index.php?rest_route=%2Fwp%2Fv2%2Fmedia&parent=2"}],"curies":[{"name":"wp","href":"https:\/\/api.w.org\/{rel}","templated":true}]}}