{"id":25,"date":"2013-10-15T18:45:22","date_gmt":"2013-10-15T16:45:22","guid":{"rendered":"http:\/\/localhost\/menden\/?page_id=25"},"modified":"2019-09-11T21:08:45","modified_gmt":"2019-09-11T19:08:45","slug":"impressum","status":"publish","type":"page","link":"https:\/\/blumenmenden.de\/?page_id=25","title":{"rendered":"Impressum"},"content":{"rendered":"<p>Blumen Menden<br \/>\nMeisterbetrieb<br \/>\nInh. Anna Ehrecke<br \/>\nDrachenburgstr. 49<br \/>\n53179 Bonn<\/p>\n<p>Tel: 0228\/342940<br \/>\nFax: 0228\/857787<br \/>\nE-Mail: <a href=\"mailto:info@blumenmenden.de\">info@blumenmenden.de<\/a><\/p>\n<p>Umsatzsteuer-Identifikationsnummer (USt-IdNr.): DE 281370525<\/p>\n<p><b>Copyright<\/b><br \/>\nVervielf\u00e4ltigung jeder Art sind nur mit der ausdr\u00fccklichen Genehmigung von Blumen Menden gestattet. Die Aufnahme in Online-Dienste und Internet sowie die Vervielf\u00e4ltigung auf Datentr\u00e4ger d\u00fcrfen nur nach vorheriger schriftlicher Zustimmung von Blumen Menden erfolgen.<\/p>\n<p><b>Haftung<\/b><br \/>\nDie Beitr\u00e4ge und Inhalte auf www.blumenmenden.de werden mit Sorgfalt recherchiert, dennoch wird eine Haftung ausgeschlossen.<\/p>\n<p><b>Wichtiger Hinweis zu allen Links<\/b><br \/>\nBlumen Menden ist nicht f\u00fcr die Inhalte fremder Seiten verantwortlich, die \u00fcber einen Link erreicht werden. Diese Erkl\u00e4rung gilt f\u00fcr alle auf dieser Homepage angebrachten Links, die nicht auf Webseiten von Blumen Menden verweisen.<\/p>\n<p><b>Datenschutz<\/b><br \/>\nsiehe <a href=\"https:\/\/blumenmenden.de\/?page_id=245\">Datenschutzerkl\u00e4rung<\/a><\/p>\n","protected":false},"excerpt":{"rendered":"<p>Blumen Menden Meisterbetrieb Inh. Anna Ehrecke Drachenburgstr. 49 53179 Bonn Tel: 0228\/342940 Fax: 0228\/857787 E-Mail: info@blumenmenden.de Umsatzsteuer-Identifikationsnummer (USt-IdNr.): DE 281370525 Copyright Vervielf\u00e4ltigung jeder Art sind nur mit der ausdr\u00fccklichen Genehmigung von Blumen Menden gestattet. Die Aufnahme in Online-Dienste und Internet sowie die Vervielf\u00e4ltigung auf Datentr\u00e4ger d\u00fcrfen nur nach vorheriger schriftlicher Zustimmung von Blumen Menden erfolgen. [&hellip;]<\/p>\n","protected":false},"author":1,"featured_media":0,"parent":0,"menu_order":0,"comment_status":"closed","ping_status":"open","template":"","meta":{"footnotes":""},"class_list":["post-25","page","type-page","status-publish","hentry","post"],"_links":{"self":[{"href":"https:\/\/blumenmenden.de\/index.php?rest_route=\/wp\/v2\/pages\/25","targetHints":{"allow":["GET"]}}],"collection":[{"href":"https:\/\/blumenmenden.de\/index.php?rest_route=\/wp\/v2\/pages"}],"about":[{"href":"https:\/\/blumenmenden.de\/index.php?rest_route=\/wp\/v2\/types\/page"}],"author":[{"embeddable":true,"href":"https:\/\/blumenmenden.de\/index.php?rest_route=\/wp\/v2\/users\/1"}],"replies":[{"embeddable":true,"href":"https:\/\/blumenmenden.de\/index.php?rest_route=%2Fwp%2Fv2%2Fcomments&post=25"}],"version-history":[{"count":8,"href":"https:\/\/blumenmenden.de\/index.php?rest_route=\/wp\/v2\/pages\/25\/revisions"}],"predecessor-version":[{"id":276,"href":"https:\/\/blumenmenden.de\/index.php?rest_route=\/wp\/v2\/pages\/25\/revisions\/276"}],"wp:attachment":[{"href":"https:\/\/blumenmenden.de\/index.php?rest_route=%2Fwp%2Fv2%2Fmedia&parent=25"}],"curies":[{"name":"wp","href":"https:\/\/api.w.org\/{rel}","templated":true}]}}